h + 45. What is q(0)?
45
Let q(p) = p**2 + 14*p - 42. What is q(-17)?
9
Let i(u) = u**2 - 17*u + 11. Give i(15).
-19
Let q(b) = -15*b - 15. Give q(-2).
15
Let b(o) = -2*o + 8. Determine b(8).
-8
Let w(h) = 4*h**3 + 4*h**2 + 4*h + 3. Give w(-2).
-21
Let w(o) = -4*o**2 - 2*o + 2. Determine w(-2).
-10
Let f(w) = -21*w. Determine f(1).
-21
Let h(u) = -2*u + 1. Determine h(5).
-9
Let l(f) = -f**3 - 6*f**2 + 4. Calculate l(-4).
-28
Let v(k) = -k**3 + 6*k**2 - 4*k - 9. Give v(6).
-33
Let s(q) = -q - 9. Determine s(-12).
3
Let a(d) = -d**3 - 3*d**2 + 3*d + 3. What is a(-4)?
7
Let t(k) = k**3 + 34*k**2 + 30*k - 85. Give t(-33).
14
Let f(o) = -o**3 + 9*o**2 - o + 12. Calculate f(9).
3
Let r(m) = 2*m - 25. Give r(10).
-5
Let j(m) = 7*m + 138. What is j(-19)?
5
Let n(w) = w**3 - 9*w**2 - 3*w - 5. What is n(9)?
-32
Let k(c) = -c - 8. Calculate k(13).
-21
Let i(j) = -2*j**2 - 5*j + 24. What is i(-8)?
-64
Let m(s) = -s - 3. Determine m(-16).
13
Let x(h) = 3*h**2 + 39*h - 1. Calculate x(-13).
-1
Let v(g) = g**3 - 9*g**2 + 11*g - 9. Determine v(7).
-30
Let v(m) = -m**3 + 3*m**2 - 3*m + 4. Calculate v(3).
-5
Let o(w) = -w**2 - 13*w + 50. Give o(-16).
2
Let p(h) = h + 14. Determine p(-7).
7
Let o(u) = u**2 - 25*u + 123. Give o(17).
-13
Let q(g) = -7*g - 16. Calculate q(-11).
61
Let g(o) = 9*o**2 - 3*o + 1. What is g(1)?
7
Let a(r) = -r**3 + r**2 - 4*r + 5. What is a(0)?
5
Let d(v) = v**3 + 11*v**2 + 12*v + 11. What is d(-10)?
-9
Let p(t) = -15*t - 477. Calculate p(-32).
3
Let l(j) = -10*j - 2. What is l(5)?
-52
Let j(q) = -17*q - 37. Give j(4).
-105
Let y(v) = -v**3 + 6*v**2 - 7*v + 2. What is y(5)?
-8
Let t(m) = -m**3 + 12*m**2 + 14*m - 11. What is t(13)?
2
Let n(r) = 2*r - 9. Determine n(6).
3
Let v(o) = -6*o - 17. What is v(4)?
-41
Let j(r) = -7*r - 64. What is j(-10)?
6
Let d(a) = 2*a**2 + a - 9. Calculate d(3).
12
Let p(o) = 3*o - 3. Give p(10).
27
Let t(v) = 4*v**3 - 94*v**2 - 49*v + 19. What is t(24)?
-5
Let z(w) = 3*w - 14. Determine z(6).
4
Let g(y) = y**2 - 18*y + 2. Determine g(17).
-15
Let m(l) = -l - 31. What is m(-19)?
-12
Let o(s) = s**3 + 6*s**2 + 10*s + 4. Determine o(-4).
-4
Let l(y) = y - 4. Determine l(11).
7
Let k(t) = 2*t - 9. Determine k(8).
7
Let f(o) = -o - 7. What is f(-12)?
5
Let r(i) = i**3 + 4*i**2 - 6*i + 16. Determine r(-6).
-20
Let u(f) = -2*f**2 - 2*f + 22. What is u(-6)?
-38
Let x(b) = b**3 - 5*b**2 - b + 9. What is x(5)?
4
Let a(r) = 2*r + 3. What is a(-7)?
-11
Let d(g) = g**2 - 7*g + 1. Determine d(8).
9
Let d(q) = q**2 - 2*q - 3. Calculate d(-2).
5
Let r(s) = s**2 - 6*s - 6. What is r(-1)?
1
Let r(y) = 4*y - 73. Calculate r(24).
23
Let w(h) = 2*h**3 + 10*h**2 + 9*h + 1. Give w(-4).
-3
Let i(a) = 2*a + 11. Calculate i(-7).
-3
Let v(t) = t**3 - 9*t**2 + 3*t - 5. What is v(8)?
-45
Let d(w) = w**3 - 3*w**2 - 22*w + 17. Calculate d(6).
-7
Let v(l) = l**3 + 5*l**2 + 3*l - 2. Give v(-3).
7
Let j(q) = q**3 + 11*q**2 + 19*q - 3. Give j(-9).
-12
Let i(k) = k**3 + 12*k**2 - 21*k + 98. What is i(-14)?
0
Let v(a) = a**3 - 6*a**2 + 4*a - 1. Calculate v(6).
23
Let o(f) = 3*f**2 + 3*f - 9. What is o(0)?
-9
Let g(b) = -b**2 - 6*b + 2. What is g(-7)?
-5
Let r(z) = 3*z**2 + 2*z - 8. What is r(2)?
8
Let q(f) = f**2 + 12*f + 8. What is q(-9)?
-19
Let t(k) = k**2 + 10*k + 19. Give t(-4).
-5
Let x(s) = -s**2 - 9*s + 8. Calculate x(-9).
8
Let h(w) = w**3 - 5*w**2 + w + 1. Determine h(3).
-14
Let h(m) = m**3 - 5*m**2 + 5*m + 6. Determine h(6).
72
Let i(s) = 5*s**3 + 6*s**2 + 3*s - 2. Determine i(-1).
-4
Let c(m) = -m**2 - 7*m - 1. Calculate c(-5).
9
Let t(h) = 4*h + 8. Calculate t(0).
8
Let c(t) = -t**2 - 7*t - 10. What is c(-6)?
-4
Let g(r) = -r**2 + 2*r + 6. Calculate g(3).
3
Let y(b) = -b - 10. Calculate y(0).
-10
Let k(v) = v**2 - 3*v - 13. Calculate k(6).
5
Let c(p) = -34*p - 1. Calculate c(1).
-35
Let k(s) = -s**2 + 12*s - 31. Determine k(7).
4
Let a(u) = 2*u**2 - 38*u + 130. Give a(4).
10
Let n(d) = 34*d**3 + 2*d**2 - 1. Give n(-1).
-33
Let b(a) = -3*a - 4. Determine b(8).
-28
Let r(j) = -2*j - 6. Calculate r(-5).
4
Let o(m) = -m - 23. What is o(-11)?
-12
Let g(y) = -y**3 + 24*y**2 + 3*y - 63. Determine g(24).
9
Let d(q) = 12*q - 3. Calculate d(-1).
-15
Let p(o) = 2*o - 9. What is p(11)?
13
Let s(j) = -j**2 - 24*j - 158. Determine s(-9).
-23
Let s(f) = -f**3 + f**2 + 2*f - 1. What is s(2)?
-1
Let g(m) = -m**2 + 9*m + 16. Calculate g(11).
-6
Let c(j) = 2*j + 34. Calculate c(-19).
-4
Let s(z) = 10*z + 23. Calculate s(-10).
-77
Let d(q) = 5*q**2 - 9*q - 14. Calculate d(3).
4
Let b(g) = -7*g - 14. Give b(-1).
-7
Let w(p) = -p**2 - p + 4. Give w(2).
-2
Let d(k) = -k**3 - 17*k**2 + k + 22. Determine d(-17).
5
Let h(z) = z**3 + 13*z**2 + 10*z - 48. What is h(-12)?
-24
Let r(g) = -g**2 - 8*g + 1. Determine r(-7).
8
Let g(w) = 3*w**3 - 4*w**2 + 10*w - 16. Give g(2).
12
Let b(j) = -2*j**3 - 4*j**2 - 2*j + 16. Give b(-4).
88
Let i(x) = 6*x**3 + x. Determine i(1).
7
Let m(c) = -c**3 + 8*c**2 + 13*c + 30. Calculate m(10).
-40
Let d(c) = -2*c**2 - 19*c - 7. What is d(-11)?
-40
Let k(c) = -c**3 + 13*c**2 - 31*c + 1. Calculate k(10).
-9
Let x(i) = -i**2 - 19*i - 29. Determine x(-17).
5
Let q(g) = -2*g**2 + 16*g + 17. Give q(9).
-1
Let a(j) = -5*j**2 + 28*j + 15. Calculate a(6).
3
Let t(j) = -23*j - 27. Determine t(-1).
-4
Let r(p) = p**3 + 7*p**2 + 2*p - 8. What is r(-6)?
16
Let x(o) = -o**3 - o**2 - 29*o + 29. Give x(1).
-2
Let w(q) = 4*q - 77. Determine w(26).
27
Let h(f) = 34*f + 141. Determine h(-4).
5
Let x(r) = -r**2 - r - 104. Determine x(0).
-104
Let k(p) = p + 8. What is k(-9)?
-1
Let m(i) = i**2 + 9*i - 16. Determine m(-11).
6
Let b(k) = k**2 - 27*k + 176. Give b(10).
6
Let g(b) = 2*b - 16. Determine g(-20).
-56
Let q(u) = -u**3 - 2*u**2 + 12*u + 5. Determine q(-3).
-22
Let l(a) = -6*a + 75. Determine l(12).
3
Let w(n) = n**3 + 10*n**2 + 30*n - 2. Calculate w(-6).
-38
Let l(n) = -4*n - 10. Determine l(-2).
-2
Let l(i) = -i**2 - i - 4. Give l(0).
-4
Let p(w) = -9*w + 115. Calculate p(0).
115
Let t(d) = d**2 - 4*d - 5. Determine t(0).
-5
Let q(r) = 2*r + 3. Calculate q(3).
9
Let t(m) = 54*m**3 - m**2 + m. What is t(1)?
54
Let w(v) = v**2 - 10*v - 26. Give w(11).
-15
Let x(o) = o**2 + 2*o + 15. Calculate x(0).
15
Let f(v) = -2*v**3 - 5*v**2 - 10*v - 11. Calculate f(-3).
28
Let o(z) = -z**3 - 2*z**2 + 24*z - 3. Give o(-6).
-3
Let s(x) = -x**2 + 80*x - 299. Determine s(4).
5
Let l(k) = 2*k**2 + 7. What is l(0)?
7
Let o(l) = 6*l - 4. What is o(5)?
26
Let n(s) = 2*s - 2. What is n(2)?
2
Let j(s) = -s**2 - s - 24. Determine j(0).
-24
Let i(o) = -o**2 - 25*o + 36. What is i(-20)?
136
Let x(c) = -c**3 + 7*c**2 - c + 1. Determine x(6).
31
Let b(h) = 2*h**2 - 52*h - 63. Give b(27).
-9
Let y(u) = 2*u**2 - 15*u + 10. Calculate y(6).
-8
Let v(o) = -o**3 - 2*o**2 + 7*o - 3. What is v(-4)?
1
Let a(z) = 2*z - 6. Give a(4).
2
Let b(q) = q**3 - 15*q**2 - 16*q - 23. What is b(16)?
-23
Let j(g) = 4*g + 2. Calculate j(-1).
-2
Let a(d) = -2*d**2 + 20*d + 4. Determine a(10).
4
Let k(h) = -2*h**2 + 7*h - 9. Give k(2).
-3
Let i(m) = -m**2 + 17*m - 28. What is i(15)?
2
Let l(a) = a**3 - 7*a**2 - 2*a + 18. Give l(7).
4
Let u(p) = -3*p**2 - 3*p. What is u(-2)?
-6
Let y(d) = d**3 - 20*d**2 + 2*d - 31. Give y(20).
9
Let n(d) = 2*d**3 + 5*d**2 - 4*d - 19. Calculate n(-3).
-16
Let x(v) = v**3 - 28*v**2 - 29*v - 56. Give x(29).
-56
Let b(t) = -t**3 + 5*t**2 + 14*t - 5. Give b(7).
-5
Let d(m) = 14*m - 17. Determine d(1).
-3
Let i(j) = 17*j - 115. Give i(6).
-13
Let y(g) = g**3 - g - 42. Give y(0).
-42
Let r(t) = -37*t + 3. Determine r(2).
-71
Let k(q) = -2*q - 61. What is k(-26)?
-9
Let y(t) = -2*t**2 + t - 1. Calculate y(-3).
-22
Let n(t) = t**2 + 7*t - 27. What is n(-8)?
-19
Let b(y) = 80*y**2 - 1. What is b(1)?
79
Let i(n) = -3*n - 10. Calculate i(-7).
11
Let t(h) = h**2 - 4*h - 13. Determine t(7).
8
Let g(r) = 2*r - 14. Determine g(16).
18
Let j(k) = -20*k**2 - 1. Calculate j(1).
-21
Let n(h) = -2*h**2 + 40*h - 141. Determine n(5).
9
Let i(b) = -b**2 + 21*b - 35. Calculate i(19).
3
Let t(w) = -w**2 - 7*w + 10. Give t(-9).
-8
Let r(p) = p - 2. Give r(-7).
-9
Let s(q) = -q**3 - 7*q**2 - 16*q - 26. What is s(-3)?
-14
Let i(g) = g**2 + 17*g + 52. Determine i(-13).
0
Let k(c) = -8*c - 117. Give k(-15).
3
Let q(c) = -9*c - 81. Calculate q(-9).
0
Let i(c) = c**3 - 4*c**2 + 3*c - 3. 